{"id":17398,"date":"2019-08-14T00:00:00","date_gmt":"2019-08-14T00:00:00","guid":{"rendered":"https:\/\/medicine.uodiyala.edu.iq\/prof-dr-adil-hassan-mohammed\/"},"modified":"2022-12-19T08:56:09","modified_gmt":"2022-12-19T08:56:09","slug":"prof-dr-adil-hassan-mohammed","status":"publish","type":"page","link":"https:\/\/medicine.uodiyala.edu.iq\/home\/en\/prof-dr-adil-hassan-mohammed\/","title":{"rendered":"Prof.Dr.Adil Hassan Mohammed|"},"content":{"rendered":"\n<p style=\"font-size:20px\"><strong>Prof.Dr.Adil Hassan Mohammed|<\/strong><\/p>\n\n\n\n<figure class=\"wp-block-image size-full\"><img decoding=\"async\" width=\"100\" height=\"120\" src=\"https:\/\/medicine.uodiyala.edu.iq\/wp-content\/uploads\/2022\/12\/Dr.-Adil-Hassan.jpg\" alt=\"\" class=\"wp-image-22585\"\/><\/figure>\n\n\n\n<p><strong>Personal informations:<\/strong><\/p>\n\n\n\n<p>Name :&nbsp;&nbsp; ADIL&nbsp; HASSAN MOHAMMED<\/p>\n\n\n\n<p>Family name (surname) :&nbsp;&nbsp; AL-Husseiny<\/p>\n\n\n\n<p>Adress: New baquba- Diyala province-Iraq<\/p>\n\n\n\n<p>Cell phone : (+064) 07727783410<\/p>\n\n\n\n<p>Email: <a href=\"mailto:adil_alhusseiny@yahoo.com\">adil_alhusseiny@yahoo.com<\/a><\/p>\n\n\n\n<p>Nationality:&nbsp;&nbsp; Iraq<\/p>\n\n\n\n<p>Birth Date : 1\/7\/1965<\/p>\n\n\n\n<p>Marital status :Married<\/p>\n\n\n\n<p>Current job : Professor of medicine<\/p>\n\n\n\n<p>Lecturer of medicine and physiololgy<\/p>\n\n\n\n<p>Clinical in hospitals training of medical students- College of medicine<\/p>\n\n\n\n<p>Place of job : College of medicine-University of Diyala Baquba Teaching Hospital<\/p>\n\n\n\n<p>Job address: Baquba city \u2013Diyala province-Iraq.<\/p>\n\n\n\n<p><strong>Education:<\/strong><\/p>\n\n\n\n<p>MB Ch B degree&nbsp; in medicine and surgery from college of medicine \u2013University of Mosul-1989 (ranks13 over 253)<\/p>\n\n\n\n<p>MD degree in medicine from college of medicine-University<\/p>\n\n\n\n<p>Of Baghdad-1993 (ranks first)<\/p>\n\n\n\n<p>PhD of medicine from Iraqi committee for medical specializations-1993 (ranks first)<\/p>\n\n\n\n<p><strong>Work experience:<\/strong><\/p>\n\n\n\n<p>1.Echocardiography-mode and Doppler mode both spectral and color flow mode-Pediatrics and adults<\/p>\n\n\n\n<p>2.Upper and lower GI scoping techniques-Diagnostic<\/p>\n\n\n\n<p>3.Teaching in University of Diyala&nbsp; \u2013College of medicine-<\/p>\n\n\n\n<p>Department of medicine and pharmacology<\/p>\n\n\n\n<p>4. Cardiovascular CT &nbsp;angiography<\/p>\n\n\n\n<p><strong>Subjects of teaching:<\/strong><\/p>\n\n\n\n<p>#Cardiology<\/p>\n\n\n\n<p>#.Medical physiology<\/p>\n\n\n\n<p>#.Clinical pharmacology<\/p>\n\n\n\n<p>4.Clinical in hospital training of medical students- College of medicine<\/p>\n\n\n\n<p><strong>Publications:<\/strong><\/p>\n\n\n\n<p>Effect of Radiofrequency Radiation Emitted by a Mobile Phone on Human Cardiovascular System\u200f<\/p>\n\n\n\n<p>H Mahata, M Chatterjee,&nbsp;S De, M Sinha, PC Dhara &#8211; 2015\u200f &#8211; 14.139.211.206<\/p>\n\n\n\n<p>&#8230;&nbsp;Resuscitation. 51(2):173-177. 25.&nbsp;Alhusseiny&nbsp;AH, Al-Nimer, MS and Majeed AD (2012) Electromagnetic Energy Radiated from Mobile Phone Alters Electrocardiographic Records of Patients with Ischemic Heart Disease. Ann Med Health Sci Res. 2(2): 146\u2013151. Page 8. [ 210 ]&nbsp;&#8230;<\/p>\n\n\n\n<p><a href=\"http:\/\/www.academia.edu\/download\/40260629\/Serum_nitric_oxide_levels_in_patients_wi20151122-30034-cbu658.pdf\">[PDF]&nbsp;academia.edu<\/a><\/p>\n\n\n\n<p>[PDF]&nbsp;<a href=\"http:\/\/www.academia.edu\/download\/40260629\/Serum_nitric_oxide_levels_in_patients_wi20151122-30034-cbu658.pdf\">SERUM NITRIC OXIDE LEVELS IN PATIENTS WITH ACUTE MYOCARDIAL INFARCTION WITH ST ELEVATION (STEMI)\u200f<\/a><\/p>\n\n\n\n<p><a href=\"https:\/\/scholar.google.ae\/citations?user=UwlbkLIAAAAJ&amp;hl=ar&amp;oi=sra\">A Badnjevi\u0107-\u010cengi\u0107<\/a>, P Kova\u010devi\u0107, S Dragi\u0107\u2026 &#8211; Hypertension\u200f &#8211;&nbsp;academia.edu\u200f<\/p>\n\n\n\n<p>&#8230;&nbsp;J Amer Coll Cardiol 1998; 32(2): 373-379. 7. Marwan SM Al-Nimer,&nbsp;Alhusseiny&nbsp;AH. Significant alteration of nitrogen species in acutemyocardial infarction does not releate to the site of infarction. Eur J Gen Med 2014;11(1): 10-14.&nbsp;..<\/p>\n\n\n\n<p><a href=\"http:\/\/www.ncbi.nlm.nih.gov\/pmc\/articles\/PMC3482782\/\">Mobile radiofrequency does not interfere with antiarrhythmic drugs in patients with ischemic heart disease<\/a><\/p>\n\n\n\n<p><a href=\"http:\/\/scholar.google.com\/citations?user=aDbcm3sAAAAJ&amp;hl=en&amp;oi=sra\">AH Alhussieny<\/a>, MSM Al-Nimer\u2026 &#8211; North American journal of \u2026, 2012 &#8211; ncbi.nlm.nih.gov<\/p>\n\n\n\n<p>Various studies suggested that electromagnetic radiation (EMR) directly affects neurons by&nbsp; reducing the neuronal reactivity, increasing the neural membrane conductivity and&nbsp; prolonging their refractory period. The average latent period of excited single neuron is<\/p>\n\n\n\n<p>HTML]&nbsp;<a href=\"http:\/\/nigjcardiol.org\/article.asp?issn=0189-7969;year=2014;volume=11;issue=1;spage=5;epage=7;aulast=Alhusseiny\">Radiofrequency electromagnetic field emitted from mobile phone does not interfere with cardiac conduction system in patients with acute coronary syndrome\u200f<\/a><\/p>\n\n\n\n<p><a href=\"https:\/\/scholar.google.ae\/citations?user=aDbcm3sAAAAJ&amp;hl=ar&amp;oi=sra\">AH&nbsp;Alhusseiny<\/a>&nbsp;&#8211; Nigerian Journal of Cardiology, 2014\u200f &#8211;&nbsp;nigjcardiol.org\u200f<\/p>\n\n\n\n<p>Background: Regular short term use of mobile phone at domestic level did not impact upon&nbsp; the health of humans. Objective: The objective of the following study is to look for the effect of&nbsp; radiofrequency emitted by mobile phone during turned on mode on the electrocardiogram &#8230;\u200f<\/p>\n\n\n\n<p><a href=\"http:\/\/www.omicsgroup.org\/journals\/assessment-of-newly-diagnosed-celiac-disease-presented-at-different-ages-2165-8048.1000128.php?aid=21240\">[HTML]&nbsp;omicsgroup.org<\/a><\/p>\n\n\n\n<p>[HTML]&nbsp;<a href=\"http:\/\/www.omicsgroup.org\/journals\/assessment-of-newly-diagnosed-celiac-disease-presented-at-different-ages-2165-8048.1000128.php?aid=21240\">Assessment of newly diagnosed celiac disease presented at different ages and its relation to nitrosative stress and lipid peroxidation\u200f<\/a><\/p>\n\n\n\n<p>MSM Al-Nimer,&nbsp;<a href=\"https:\/\/scholar.google.ae\/citations?user=aDbcm3sAAAAJ&amp;hl=ar&amp;oi=sra\">AH&nbsp;Alhusseiny<\/a>\u2026 &#8211; Internal Medicine: Open \u2026, 2013\u200f &#8211;&nbsp;omicsgroup.org\u200f<\/p>\n\n\n\n<p>Background and objectives: The clinical presentations of celiac disease (CD) are&nbsp; remarkably various age dependent. Free radicals overproduction may implicate in&nbsp; pathogenesis of CD or its complications. This study aimed to assess newly diagnosed CD &#8230;\u200f<\/p>\n\n\n\n<p><a href=\"http:\/\/www.ejgm.org\/upload\/sayi\/27\/EJGM-01250.pdf\">[PDF]&nbsp;ejgm.org<\/a><\/p>\n\n\n\n<p><a href=\"http:\/\/www.ejgm.org\/ozet.php?makale_id=1250&amp;dil=en\">Significant Alteration of Nitrogen Species in Acute Myocardial Infarction Does Not Relate to The Site of Infarction\u200f<\/a><\/p>\n\n\n\n<p>MSM Al-Nimer,&nbsp;<a href=\"https:\/\/scholar.google.ae\/citations?user=aDbcm3sAAAAJ&amp;hl=ar&amp;oi=sra\">AH&nbsp;Alhusseiny<\/a>&nbsp;&#8211; European Journal of General Medicine, 2014\u200f &#8211;&nbsp;ejgm.org\u200f<\/p>\n\n\n\n<p>This study aimed to assess the level of nitrogen species in patients presented with acute myocardial&nbsp; infarction and to relate the levels of nitrogen species to the infarction site. A total number of 113&nbsp; patients admitted to the intensive care unit at Diyala Teaching Hospital. The patients were&nbsp;&#8230;&nbsp;\u200f<\/p>\n\n\n\n<p><a href=\"http:\/\/www.sciencedirect.com\/science\/article\/pii\/S0167527316319519\">Concomitant measurements of serum annexin A5 levels and hematological indices as markers in recent and old myocardial infarction with low ejection fraction: A \u2026\u200f<\/a><\/p>\n\n\n\n<p><a href=\"https:\/\/scholar.google.ae\/citations?user=aDbcm3sAAAAJ&amp;hl=ar&amp;oi=sra\">AH&nbsp;Alhusseiny<\/a>, MSM Al-Nimer, FI Mohammad\u2026 &#8211; International Journal of \u2026, 2016\u200f &#8211;&nbsp;Elsevier\u200f<\/p>\n\n\n\n<p>Background Serum annexin A5 (anxA5) level is significantly increased in patients with acute&nbsp; coronary syndrome. Hematological indices are significantly increased in patients with&nbsp; ischemic heart disease. This study aimed to demonstrate the changes in the distribution of &#8230;\u200f<\/p>\n\n\n\n<p><a href=\"http:\/\/dergipark.ulakbim.gov.tr\/ejgm\/article\/download\/5000114668\/5000106666\">[PDF]&nbsp;ulakbim.gov.tr<\/a><\/p>\n\n\n\n<p><a href=\"http:\/\/dergipark.ulakbim.gov.tr\/ejgm\/article\/view\/5000114668\">Heart Failure: Discrepancy Between NYHA Functional Classification, Serum NT-pro Brain Natriuretic Peptide and Ejection Fraction\u200f<\/a><\/p>\n\n\n\n<p><a href=\"https:\/\/scholar.google.ae\/citations?user=aDbcm3sAAAAJ&amp;hl=ar&amp;oi=sra\">AH&nbsp;Alhusseiny<\/a>, MSM Al-Nimer\u2026 &#8211; \u2026 Journal of General \u2026, 2013\u200f &#8211;&nbsp;dergipark.ulakbim.gov.tr\u200f<\/p>\n\n\n\n<p>Abstract This study aimed to look for the discrepancy between the laboratory investigation&nbsp; (determination of serum NT-proBNP), electrophysiological assessment (echocardiogram&nbsp; and Doppler study) and clinical assessment of known cases of congestive heart failure. &#8230;\u200f<\/p>\n\n\n\n<p><a href=\"http:\/\/cardiologyres.org\/index.php\/Cardiologyres\/article\/view\/377\/410\">[HTML]&nbsp;cardiologyres.org<\/a><\/p>\n\n\n\n<p><a href=\"http:\/\/cardiologyres.org\/index.php\/Cardiologyres\/article\/view\/377\">Assessment of Serum Cystatin C Levels in Newly Diagnosed Acute Myocardial Infarction at the Onset and at the Time of Hospital Discharge\u200f<\/a><\/p>\n\n\n\n<p><a href=\"https:\/\/scholar.google.ae\/citations?user=aDbcm3sAAAAJ&amp;hl=ar&amp;oi=sra\">AH&nbsp;Alhusseiny<\/a>, MSM Al-Nimer\u2026 &#8211; Cardiology \u2026, 2015\u200f &#8211;&nbsp;cardiologyres.org\u200f<\/p>\n\n\n\n<p>Background: Cystatin C (Cys-C) is a marker of renal damage. Higher serum levels of Cys-C&nbsp; were observed in cardiovascular disease. This study aimed to test the null hypothesis that&nbsp; Cys-C levels in newly diagnosed acute myocardial infarction (AMI) may remain high in the &#8230;\u200f<\/p>\n\n\n\n<p><a href=\"http:\/\/www.medmag.uodiyala.edu.iq\/uploads\/Issues\/2013\/Vol.5,%20Issue%201\/10-Dr.Adil%20Hassan%20Alhusseiny.pdf\">[PDF]&nbsp;uodiyala.edu.iq<\/a><\/p>\n\n\n\n<p>[PDF]&nbsp;<a href=\"http:\/\/www.medmag.uodiyala.edu.iq\/uploads\/Issues\/2013\/Vol.5,%20Issue%201\/10-Dr.Adil%20Hassan%20Alhusseiny.pdf\">Serum Probnp Associated with the Severity of Coronary Artery Disease: its Limitation in Metabolic Syndrome\u200f<\/a><\/p>\n\n\n\n<p><a href=\"https:\/\/scholar.google.ae\/citations?user=aDbcm3sAAAAJ&amp;hl=ar&amp;oi=sra\">AH&nbsp;Alhusseiny<\/a>\u200f &#8211;&nbsp;medmag.uodiyala.edu.iq\u200f<\/p>\n\n\n\n<p>Abstract Background and Objectives: Myocardial ischemia is the leading cause of mortality&nbsp; and morbidity in all over the world. Previous studies demonstrated that myocardial ischemic&nbsp; patients subjected to coronary angiograph were more likely to have significant high serum &#8230;\u200f<\/p>\n\n\n\n<p><a href=\"http:\/\/www.journalofdiabetology.org\/Pages\/Releases\/PDFFiles\/FIFTEENISSUE\/OA-4-JOD-13-030.pdf\">[PDF]&nbsp;journalofdiabetology.org<\/a><\/p>\n\n\n\n<p>[PDF]&nbsp;<a href=\"http:\/\/www.journalofdiabetology.org\/Pages\/Releases\/PDFFiles\/FIFTEENISSUE\/OA-4-JOD-13-030.pdf\">Association of high serum pro-BNP levels with severity of coronary artery disease and its limitations\u200f<\/a><\/p>\n\n\n\n<p><a href=\"https:\/\/scholar.google.ae\/citations?user=aDbcm3sAAAAJ&amp;hl=ar&amp;oi=sra\">AH&nbsp;Alhusseiny<\/a>&nbsp;&#8211; Journal of Diabetology, 2014\u200f &#8211;&nbsp;journalofdiabetology.org\u200f<\/p>\n\n\n\n<p>Abstract Myocardial ischemia is the leading cause of mortality and morbidity all over the&nbsp; world. Previous studies demonstrated that myocardial ischemic patients subjected to&nbsp; coronary angiograph were more likely to have significant high serum proBNP. The study &#8230;\u200f<\/p>\n\n\n\n<p><a href=\"http:\/\/cms.galenos.com.tr\/FileIssue\/8\/665\/article\/75-78.pdf\">[PDF]&nbsp;galenos.com.tr<\/a><\/p>\n\n\n\n<p>[PDF]&nbsp;<a href=\"http:\/\/cms.galenos.com.tr\/FileIssue\/8\/665\/article\/75-78.pdf\">Assessment of Inflammatory and Cardiovascular Markers in Type 2 Diabetes without Clinical Evidence of Cardiac Events\u200f<\/a><\/p>\n\n\n\n<p>KHBO Tip, D Hastalarda\u200f &#8211;&nbsp;cms.galenos.com.tr\u200f<\/p>\n\n\n\n<p>&#8230;&nbsp;Marwan Al-Nimer, Zhian Dezayee*,&nbsp;Adil&nbsp;Alhusseiny**&nbsp;&#8230;&nbsp;7. Takahashi T, Anzai T, Kaneko&nbsp;H, Mano Y, Anzai A, Nagai T, Kohno T, Maekawa Y, Yoshikawa T, Fukuda K, Ogawa S. Increased C-reactive protein expression exacerbates left ventricular dysfunction and remodeling after&nbsp;&#8230;&nbsp;\u200f<\/p>\n\n\n\n<p><a href=\"http:\/\/dergipark.ulakbim.gov.tr\/ejgm\/article\/download\/5000114662\/5000106660\">EUROPEAN JOURNAL of GENERAL MEDICINE\u200f<\/a><\/p>\n\n\n\n<p>\u2026, YU Soyoral,&nbsp;H&nbsp;Begenik, MN Aldemir,&nbsp;<a href=\"https:\/\/scholar.google.ae\/citations?user=aDbcm3sAAAAJ&amp;hl=ar&amp;oi=sra\">AH&nbsp;Alhusseiny<\/a>\u2026\u200f &#8211;&nbsp;dergipark.ulakbim.gov.tr\u200f<\/p>\n\n\n\n<p>The journal is currently indexed\/included in Bioline International, Chemical Abstracts&nbsp; Service, CINAHL, EBSCO Information System, Swets Information Services Turkey Citation Index&nbsp; and Index Copernicus.&nbsp;&#8230;&nbsp;Comparison of the Clinical Results of Combined&nbsp;&#8230;<\/p>\n\n\n\n<p>[HTML]&nbsp;<a href=\"http:\/\/onlinelibrary.wiley.com\/doi\/10.1111\/jcmm.12607\/full\">Endothelial microparticles reduce ICAM\u20101 expression in a microRNA\u2010222\u2010dependent mechanism\u200f<\/a><\/p>\n\n\n\n<p>\u2026, A Flender, K Paul, A&nbsp;Alhusseiny\u2026 &#8211; Journal of cellular \u2026, 2015\u200f &#8211;&nbsp;Wiley Online Library\u200f<\/p>\n\n\n\n<p>Abstract Endothelial microparticles (EMP) are released from activated or apoptotic&nbsp; endothelial cells (ECs) and can be taken up by adjacent ECs, but their effect on vascular&nbsp; inflammation after engulfment is largely unknown. We sought to determine the role of EMP ..<\/p>\n\n\n\n<p><strong>Responsibilities:<\/strong><\/p>\n\n\n\n<p>1.1989-1991: Resident doctor in medical city-Baghdad<\/p>\n\n\n\n<p>2.1991-1993: District areas doctor-Peripheries of Diyala province<\/p>\n\n\n\n<p>3.1993-1997 :PhD study-Medical city-Senior house officer<\/p>\n\n\n\n<p>4.1993-2004: Specialist of medicine-Baquba general hospital<\/p>\n\n\n\n<p>5.1996-1998 :Head of department of medicine- Baquba general hospital<\/p>\n\n\n\n<p>6.2004-2008 :Lecturer and head of department of medicine- University of Diyala&nbsp; \u2013College of medicine<\/p>\n\n\n\n<p>7.2009 :Assistant professor of medicine -Head of department of pharmacology -University of Diyala&nbsp; \u2013College of medicine<\/p>\n\n\n\n<p>8. 2011-2015: Head of dept. of medicine\/College of medicine\/Un. Of Diyala<\/p>\n\n\n\n<p>9. Head of higher degrees educational studies \u2013Dept of Medicine.<\/p>\n\n\n\n<p>Certificates and training courses<\/p>\n\n\n\n<p>1.Computer certificate 1999.<\/p>\n\n\n\n<p>2.Teaching certification-college of Education-2004<\/p>\n\n\n\n<p>3.Training on international classification of diseases-Ministry of health-1994<\/p>\n\n\n\n<p>4.Traing certificate in echocardiography-Ministry of health in cooperation and direct training of KRETZ Austrian company-2001<\/p>\n\n\n\n<p>5.Primary training in cardiac catheterization in Iraqi centre for cardiac diseases 2005<\/p>\n\n\n\n<p>6. Diagnostic cardiac catheterization and Doppler echocardiography training course \/University of Bonn Cardiology dept.2011<\/p>\n\n\n\n<p>7. Cardiac CT angiography training course\/Toshiba company\/turkey\/2012<\/p>\n\n\n\n<p>8. joint research project with molecular cardiology research center&nbsp; university of Bonn since 2011 up to the current time<\/p>\n\n\n\n<p><strong>Conferences:<\/strong><\/p>\n\n\n\n<p>1. Attending many conferences held in our province both in university of diyala and directorate of health&nbsp; and&nbsp; conferences carried out in colleges of medicine in Iraq presenting my articles and listening to the studies and experiences from studies of our colleagues<\/p>\n\n\n\n<p>2. 2<sup>nd<\/sup> world conference on diabetes ,obesity and cardiovascular disrders\/Newyork\/ Online with articles presentation<\/p>\n\n\n\n<p><strong>Other informations:<\/strong><\/p>\n\n\n\n<p>Mother language: Arabic<\/p>\n\n\n\n<p>Foreign language :English<\/p>\n\n\n\n<p>Professional memberships<\/p>\n\n\n\n<p>Member of university Lecturers Association<\/p>\n\n\n\n<p>Member of Iraqi medical associations<\/p>\n\n\n\n<p>Member of Iraqi society for heart diseases<\/p>\n\n\n\n<p>Acknowledgments<\/p>\n\n\n\n<p>One thank, gratitude and appreciation letter from Iraqi minister of health.<\/p>\n\n\n\n<p>One thank ,gratitude and appreciation letter from Iraqi minister of higher education and scientific research.<\/p>\n\n\n\n<p>One thank ,gratitude and appreciation letter from general manager of health directorate of Diyala.<\/p>\n\n\n\n<p>Two thanks ,gratitude and appreciation letters from Dean of college of medicine.<\/p>\n","protected":false},"excerpt":{"rendered":"<p>Prof.Dr.Adil Hassan Mohammed| Personal informations: Name :&nbsp;&nbsp; ADIL&nbsp; HASSAN MOHAMMED Family name (surname) :&nbsp;&nbsp; AL-Husseiny Adress: New baquba- Diyala province-Iraq Cell phone : (+064) 07727783410 Email: adil_alhusseiny@yahoo.com Nationality:&nbsp;&nbsp; Iraq Birth Date : 1\/7\/1965 Marital status :Married Current job : Professor &hellip; <\/p>\n","protected":false},"author":1,"featured_media":0,"parent":0,"menu_order":0,"comment_status":"open","ping_status":"open","template":"page-templates\/homepage.php","meta":{"_bbp_topic_count":0,"_bbp_reply_count":0,"_bbp_total_topic_count":0,"_bbp_total_reply_count":0,"_bbp_voice_count":0,"_bbp_anonymous_reply_count":0,"_bbp_topic_count_hidden":0,"_bbp_reply_count_hidden":0,"_bbp_forum_subforum_count":0,"pmpro_default_level":"","footnotes":""},"class_list":["post-17398","page","type-page","status-publish","hentry","pmpro-has-access"],"_links":{"self":[{"href":"https:\/\/medicine.uodiyala.edu.iq\/home\/wp-json\/wp\/v2\/pages\/17398","targetHints":{"allow":["GET"]}}],"collection":[{"href":"https:\/\/medicine.uodiyala.edu.iq\/home\/wp-json\/wp\/v2\/pages"}],"about":[{"href":"https:\/\/medicine.uodiyala.edu.iq\/home\/wp-json\/wp\/v2\/types\/page"}],"author":[{"embeddable":true,"href":"https:\/\/medicine.uodiyala.edu.iq\/home\/wp-json\/wp\/v2\/users\/1"}],"replies":[{"embeddable":true,"href":"https:\/\/medicine.uodiyala.edu.iq\/home\/wp-json\/wp\/v2\/comments?post=17398"}],"version-history":[{"count":2,"href":"https:\/\/medicine.uodiyala.edu.iq\/home\/wp-json\/wp\/v2\/pages\/17398\/revisions"}],"predecessor-version":[{"id":22586,"href":"https:\/\/medicine.uodiyala.edu.iq\/home\/wp-json\/wp\/v2\/pages\/17398\/revisions\/22586"}],"wp:attachment":[{"href":"https:\/\/medicine.uodiyala.edu.iq\/home\/wp-json\/wp\/v2\/media?parent=17398"}],"curies":[{"name":"wp","href":"https:\/\/api.w.org\/{rel}","templated":true}]}}